{"id":176,"date":"2021-12-12T20:58:49","date_gmt":"2021-12-12T23:58:49","guid":{"rendered":"https:\/\/www.motionminds.com.ar\/?page_id=176"},"modified":"2021-12-14T18:46:47","modified_gmt":"2021-12-14T21:46:47","slug":"informatizacion-de-procesos","status":"publish","type":"page","link":"https:\/\/www.motionminds.com.ar\/?page_id=176","title":{"rendered":"Informatizaci\u00f3n de procesos"},"content":{"rendered":"\n<p><strong>Sistematizamos procesos para mejorar su empresa.<\/strong><\/p>\n\n\n\n<p>Un sistema inform\u00e1tico implica establecer procedimientos, estandarizar procesos, documentar, definir puntos de control, capacitar al personal adecuado y crear pol\u00edticas que sustenten la toma de decisiones. El mejor software y hardware sin todo lo anterior, no hace otra cosa que ocupar espacio.<\/p>\n\n\n\n<p>En <strong>MotionMinds <\/strong>ponemos a disposici\u00f3n de su empresa mas de 15 a\u00f1os de experiencia en la sistematizaci\u00f3n de procesos productivos, presentando soluciones que abarcan software, hardware, normalizaci\u00f3n, sistemas de control, maquinaria industrial y capacitaci\u00f3n.<\/p>\n\n\n\n<p>Los servicios de processes automation que brindamos parten de un an\u00e1lisis detallado de los procesos a automatizar, asesoramiento en la compra de equipos, desarrollo de aplicaciones industriales, simulaci\u00f3n de l\u00edneas de fabricaci\u00f3n y sistematizaci\u00f3n modular implementada por etapas, a fin de interferir lo menos posible en el circuito productivo de su compa\u00f1\u00eda.<\/p>\n\n\n\n<p><strong>Procesos informatizados que optimizan tiempo y recursos.<\/strong><\/p>\n","protected":false},"excerpt":{"rendered":"<p>Sistematizamos procesos para mejorar su empresa. Un sistema inform\u00e1tico implica establecer procedimientos, estandarizar procesos, documentar, definir puntos de control, capacitar al personal adecuado y crear pol\u00edticas que sustenten la toma de decisiones. El mejor software y hardware sin todo lo anterior, no hace otra cosa que ocupar espacio. En MotionMinds ponemos a disposici\u00f3n de su&hellip; <br \/> <a class=\"read-more\" href=\"https:\/\/www.motionminds.com.ar\/?page_id=176\">Read more<\/a><\/p>\n","protected":false},"author":1,"featured_media":0,"parent":23,"menu_order":5,"comment_status":"closed","ping_status":"closed","template":"","meta":{"spay_email":""},"_links":{"self":[{"href":"https:\/\/www.motionminds.com.ar\/index.php?rest_route=\/wp\/v2\/pages\/176"}],"collection":[{"href":"https:\/\/www.motionminds.com.ar\/index.php?rest_route=\/wp\/v2\/pages"}],"about":[{"href":"https:\/\/www.motionminds.com.ar\/index.php?rest_route=\/wp\/v2\/types\/page"}],"author":[{"embeddable":true,"href":"https:\/\/www.motionminds.com.ar\/index.php?rest_route=\/wp\/v2\/users\/1"}],"replies":[{"embeddable":true,"href":"https:\/\/www.motionminds.com.ar\/index.php?rest_route=%2Fwp%2Fv2%2Fcomments&post=176"}],"version-history":[{"count":6,"href":"https:\/\/www.motionminds.com.ar\/index.php?rest_route=\/wp\/v2\/pages\/176\/revisions"}],"predecessor-version":[{"id":226,"href":"https:\/\/www.motionminds.com.ar\/index.php?rest_route=\/wp\/v2\/pages\/176\/revisions\/226"}],"up":[{"embeddable":true,"href":"https:\/\/www.motionminds.com.ar\/index.php?rest_route=\/wp\/v2\/pages\/23"}],"wp:attachment":[{"href":"https:\/\/www.motionminds.com.ar\/index.php?rest_route=%2Fwp%2Fv2%2Fmedia&parent=176"}],"curies":[{"name":"wp","href":"https:\/\/api.w.org\/{rel}","templated":true}]}}