{"id":170,"date":"2021-12-12T20:56:15","date_gmt":"2021-12-12T23:56:15","guid":{"rendered":"https:\/\/www.motionminds.com.ar\/?page_id=170"},"modified":"2021-12-12T22:33:17","modified_gmt":"2021-12-13T01:33:17","slug":"desarrollo-de-soluciones","status":"publish","type":"page","link":"https:\/\/www.motionminds.com.ar\/?page_id=170","title":{"rendered":"Desarrollo de Sistemas"},"content":{"rendered":"\n<p><strong>Creamos software a la medida del crecimiento de su empresa.<\/strong><\/p>\n\n\n\n<p>Un aplicaci\u00f3n est\u00e1ndar normalmente formaliza procesos y estandariza procedimientos, pero obliga a la empresa a adaptarse a las limitaciones del software. Un buen sistema a medida provee todas la ventajas de una aplicaci\u00f3n est\u00e1ndar y le a\u00f1ade din\u00e1mica, flexibilidad y escalabilidad para acompa\u00f1ar el desarrollo del negocio.<\/p>\n\n\n\n<p>En <strong>MotionMinds <\/strong>desarrollamos buenos sistemas: seguros, escalables, estables y f\u00e1ciles de usar. Software preparado para m\u00faltiples plataformas (escritorio, Tablet, celular, etc), con interfaces claras y limpias, bajo plataformas de probada estabilidad y bases de datos l\u00edderes en su segmento, utilizando lenguajes y frameworks de amplia aceptaci\u00f3n, web services\/API bajo arquitecturas est\u00e1ndares, siguiendo metodolog\u00edas \u00e1giles para reducir tiempos y mejorar en forma cont\u00ednua la calidad final del producto.<\/p>\n\n\n\n<p>Los servicios de desarrollo software que ofrecemos incluyen todas las etapas del ciclo de vida de un sistema: an\u00e1lisis, dise\u00f1o, desarrollo, testing, implementaci\u00f3n y mantenimiento. Tanto sea involucrando personal propio como liderando grupos mixtos a fin de capacitar al personal del cliente para el futuro mantenimiento de la aplicaci\u00f3n desarrollada.<\/p>\n\n\n\n<p><strong>Desarrollos pensados en pos de su negocio.<\/strong><\/p>\n","protected":false},"excerpt":{"rendered":"<p>Creamos software a la medida del crecimiento de su empresa. Un aplicaci\u00f3n est\u00e1ndar normalmente formaliza procesos y estandariza procedimientos, pero obliga a la empresa a adaptarse a las limitaciones del software. Un buen sistema a medida provee todas la ventajas de una aplicaci\u00f3n est\u00e1ndar y le a\u00f1ade din\u00e1mica, flexibilidad y escalabilidad para acompa\u00f1ar el desarrollo&hellip; <br \/> <a class=\"read-more\" href=\"https:\/\/www.motionminds.com.ar\/?page_id=170\">Read more<\/a><\/p>\n","protected":false},"author":1,"featured_media":0,"parent":23,"menu_order":2,"comment_status":"closed","ping_status":"closed","template":"","meta":{"spay_email":""},"_links":{"self":[{"href":"https:\/\/www.motionminds.com.ar\/index.php?rest_route=\/wp\/v2\/pages\/170"}],"collection":[{"href":"https:\/\/www.motionminds.com.ar\/index.php?rest_route=\/wp\/v2\/pages"}],"about":[{"href":"https:\/\/www.motionminds.com.ar\/index.php?rest_route=\/wp\/v2\/types\/page"}],"author":[{"embeddable":true,"href":"https:\/\/www.motionminds.com.ar\/index.php?rest_route=\/wp\/v2\/users\/1"}],"replies":[{"embeddable":true,"href":"https:\/\/www.motionminds.com.ar\/index.php?rest_route=%2Fwp%2Fv2%2Fcomments&post=170"}],"version-history":[{"count":3,"href":"https:\/\/www.motionminds.com.ar\/index.php?rest_route=\/wp\/v2\/pages\/170\/revisions"}],"predecessor-version":[{"id":205,"href":"https:\/\/www.motionminds.com.ar\/index.php?rest_route=\/wp\/v2\/pages\/170\/revisions\/205"}],"up":[{"embeddable":true,"href":"https:\/\/www.motionminds.com.ar\/index.php?rest_route=\/wp\/v2\/pages\/23"}],"wp:attachment":[{"href":"https:\/\/www.motionminds.com.ar\/index.php?rest_route=%2Fwp%2Fv2%2Fmedia&parent=170"}],"curies":[{"name":"wp","href":"https:\/\/api.w.org\/{rel}","templated":true}]}}