{"id":11,"date":"2021-12-08T20:40:31","date_gmt":"2021-12-08T23:40:31","guid":{"rendered":"http:\/\/www.motionminds.com.ar\/?page_id=11"},"modified":"2024-10-13T18:09:02","modified_gmt":"2024-10-13T21:09:02","slug":"mesmerize","status":"publish","type":"page","link":"https:\/\/www.motionminds.com.ar\/","title":{"rendered":"Home"},"content":{"rendered":"<div  id=\"sistemas\" style=\"background-color: #ffffff;\" data-label=\"Sistemas\" data-id=\"features-16-card-bordered\" data-export-id=\"features-16-card-bordered\" data-category=\"features\" class=\"features-16-card-bordered content-section content-section-spacing\"><div  class=\"gridContainer\"> <div  class=\"row text-center\"><div  class=\"section-title-col\" data-type=\"column\"> <h2  class=\"\">Brindamos sistemas transparentes&nbsp;<\/h2> <p  class=\"lead\">En MotionMinds nos enfocamos en desarrollar soluciones que realmente se adapten a su negocio, tan integradas y estables, que permitan a los usuarios enfocarse en su funcionalidad y en su negocio.&nbsp;<\/p><\/div> <\/div> <div  class=\"row spaced-cols\" data-type=\"row\"> <div  class=\"col-xs-12 col-sm-6 col-md-4\"> <div  class=\"card no-padding bordered y-move\"> <img  loading=\"lazy\" class=\"face\" src=\"https:\/\/i1.wp.com\/www.motionminds.com.ar\/wp-content\/plugins\/mesmerize-companion\/theme-data\/mesmerize\/sections\/images\/computer-2569652.jpg?w=3840\" width=\"381\" height=\"254\"> <div  data-type=\"column\" class=\"col-padding-small col-padding-small-xs description-container\"> <h4  class=\"font-500\">Infraestructura adecuada<\/h4> <p  class=\"\">Seleccionamos y dise\u00f1amos la combinaci\u00f3n de infraestructura que mejor se adec\u00fae a la necesidad, tanto sea on-premise, virtualizada o cloud. Servidores, networking, equipamiento y dispositivos espec\u00edficos.<\/p><\/div> <div  data-type=\"column\" class=\"col-padding-small col-padding-small-xs read-more-container\"><\/div> <\/div><\/div> <div  class=\"col-xs-12 col-sm-6 col-md-4\"><div  class=\"card no-padding bordered y-move\"> <img  loading=\"lazy\" class=\"face\" src=\"https:\/\/i2.wp.com\/www.motionminds.com.ar\/wp-content\/plugins\/mesmerize-companion\/theme-data\/mesmerize\/sections\/images\/apple-1838564.jpg?w=3840\" width=\"381\" height=\"254\"> <div  data-type=\"column\" class=\"col-padding-small col-padding-small-xs description-container\"> <h4  class=\"font-500\">Funcionalidad y seguridad<\/h4> <p  class=\"\">Adaptamos nuestras soluciones a los procesos de su empresa, dando cobertura funcional, implementando esquemas de seguridad y auditor\u00eda estandarizados, y garantizando estabilidad y continuidad.<\/p><\/div> <div  data-type=\"column\" class=\"col-padding-small col-padding-small-xs read-more-container\"><\/div> <\/div><\/div> <div  class=\"col-xs-12 col-sm-6 col-md-4\"><div  class=\"card no-padding bordered y-move\"> <img  loading=\"lazy\" class=\"face\" src=\"https:\/\/i0.wp.com\/www.motionminds.com.ar\/wp-content\/plugins\/mesmerize-companion\/theme-data\/mesmerize\/sections\/images\/laptop-2559795.jpg?w=3840\" width=\"381\" height=\"254\"> <div  data-type=\"column\" class=\"col-padding-small col-padding-small-xs description-container\"> <h4  class=\"font-500\">Facilidad de uso<\/h4> <p  class=\"\">Dise\u00f1amos nuestras soluciones sabiendo que las usan personas con diferentes skills y desde toda clase de dispositivos. Nos enfocamos en interfaces de usuario intuitivas, amenas y adaptables<\/p><\/div> <div  data-type=\"column\" class=\"col-padding-small col-padding-small-xs read-more-container\"><\/div> <\/div><\/div> <\/div><\/div> <\/div><div  id=\"caso\" style=\"background-color: #f5fafd;\" data-label=\"Caso\" data-id=\"content-2\" data-export-id=\"content-2\" data-category=\"content\" class=\"content-2 content-section content-section-spacing\"><div > <div  class=\"row middle-xs\"><div  class=\"col-sm-5 bg-image shadow-large-black\" data-bg=\"image\" style=\"background-image: url(&quot;http:\/\/www.motionminds.com.ar\/wp-content\/uploads\/2021\/12\/cropped-MaximPerf.png&quot;);\"><\/div> <div  class=\"col-sm-7 full-col-left-padding full-col-right-padding\"> <div  class=\"row\"> <div  data-type=\"column\" class=\"space-bottom-small content-title-col\"> <h5  class=\"\">Caso de \u00e9xito: Maximizing Performance \u2013 VF Corporation<\/h5> <h2  class=\"\">Potenciando el capital humano<\/h2> <p  class=\"\">Sistema de evaluaci\u00f3n de personal desarrollado para VF Argentina. Enfocado en el seguimiento de los objetivos cuatrimestrales, anuales y de carrera, permiti\u00f3 mejorar el proceso de an\u00e1lisis y evaluaci\u00f3n del rendimiento del personal, transparentando los criterios de calificaci\u00f3n y las metas personales de cada integrante de la empresa. Fue tan efectivo, que r\u00e1pidamente fue implementado en otros pa\u00edses de Latinoam\u00e9rica. <\/p><\/div> <\/div> <div  class=\"row spaced-cols \" data-type=\"row\"> <div  class=\"col-xs-6\" data-type=\"column\"> <h5  class=\"\">TECNOLOG\u00cdA<\/h5> <p  class=\"\">Desarrollado en ASP.Net y VB.Net, utiliza Microsoft SQL-Server como motor de base de datos.<\/p><\/div> <div  class=\"col-xs-6\" data-type=\"column\"><h5  class=\"\">ALCANCE<\/h5> <p  class=\"\">Utilizado en Argentina, Chile, Brasil, Per\u00fa y M\u00e9xico.<\/p><\/div> <div  class=\"col-xs-6\" data-type=\"column\"><h5  class=\"\">INFRAESTRUCTURA<\/h5> <p  class=\"\">Originalmente implementado en servidores provistos por el cliente, luego de unos a\u00f1os opt\u00f3 por infraestructura Cloud privada.<\/p><\/div>  <\/div><\/div> <\/div><\/div> <\/div><div  id=\"servicios\" style=\"background-color: #ffffff;\" data-label=\"Servicios\" data-id=\"content-3\" data-export-id=\"content-3\" data-category=\"content\" class=\"content-3 content-section content-section-spacing\"><div > <div  class=\"row middle-xs\"><div  class=\"col-sm-7 full-col-left-padding full-col-right-padding\"> <div  class=\"row\"><div  data-type=\"column\" class=\"space-bottom-small content-title-col\"> <h5  class=\"\">SERVICIOS<\/h5> <h2  class=\"\">Un portfolio basado en experiencia&nbsp;<\/h2> <\/div> <\/div> <div  class=\"row spaced-cols\" data-type=\"row\"> <div  class=\"col-xs-6\" data-type=\"column\"> <h5  class=\"\">CONSULTORIA<\/h5> <p  class=\"\">Buscamos soluciones inteligentes a sus problemas complejos.<\/p><\/div> <div  class=\"col-xs-6\" data-type=\"column\"><h5  class=\"\">DESARROLLO DE SISTEMAS<\/h5> <p  class=\"\">Creamos software a la medida del crecimiento de su empresa.<\/p><\/div> <div  class=\"col-xs-6\" data-type=\"column\"><h5  class=\"\">WEB Y SERVICIOS CLOUD<\/h5> <p  class=\"\">Software multiplataforma accesible mediante un browser.<\/p><\/div> <div  class=\"col-xs-6\" data-type=\"column\"><h5  class=\"\">DISE\u00d1O DE INFRAESTRUCTURA<\/h5> <p  class=\"\">Adecuamos su infraestructura IT al futuro de su empresa.<\/p><\/div> <div  class=\"col-xs-6\" data-type=\"column\"> <h5  class=\"\">ESTANDARIZACI\u00d3N<\/h5> <p  class=\"\">Implementamos sistemas de calidad y estandarizaci\u00f3n de procesos.<\/p><\/div><div  class=\"col-xs-6\" data-type=\"column\"> <h5  class=\"\">INFORMATIZACI\u00d3N DE PROCESOS<\/h5> <p  class=\"\">Sistematizamos y automatizamos procesos para mejorar su negocio. <\/p><\/div><\/div><\/div> <div  class=\"col-sm-5 bg-image shadow-large-black revert-classes-holder\" data-bg=\"image\"><\/div><\/div> <\/div><\/div><div  id=\"clientes\" style=\"background-color: #f5fafd;\" data-label=\"Clientes\" data-id=\"portfolio-4\" data-export-id=\"portfolio-4\" data-category=\"portfolio\" class=\"portfolio-4 content-section content-section-spacing-top\"><div  class=\"\"> <div  class=\"row text-center\"><div  class=\"section-title-col\" data-type=\"column\"> <h2  class=\"\">Clientes<\/h2> <p  class=\"lead\">MotionMinds ha dise\u00f1ado, desarrollado e implementado soluciones innovadoras para mas de 100 empresas. Estas son algunas de ellas.<\/p><\/div> <\/div> <div  data-type=\"row\" class=\"row\" data-fixed=\"true\"> <div  class=\"col-xs-12 col-sm-3 no-gutter-col\"> <div  class=\"contentswap-effect\" data-hover-fx=\"portfolio-4\"> <div  class=\"initial-image\"> <img  loading=\"lazy\" data-size=\"542x360\" src=\"https:\/\/i2.wp.com\/www.motionminds.com.ar\/wp-content\/uploads\/2021\/12\/cropped-LogoLasermed.png?w=3840\" width=\"389\" height=\"259\"><\/div> <div  class=\"overlay bg-color1\"><\/div> <div  class=\"swap-inner col-xs-12\"> <div  class=\"row full-height-row middle-xs middle-sm\"> <div  class=\"col-xs-12 text-center content-holder\"> <a href=\"https:\/\/www.lasermed.com.ar\" target=\"_self\" class=\"\" rel=\"noopener\"><i  class=\"fa icon portfolio-icon fa-search big\" aria-hidden=\"true\"><\/i><\/a><\/div> <\/div><\/div> <\/div><\/div> <div  class=\"col-xs-12 col-sm-3 no-gutter-col\"><div  class=\"contentswap-effect\" data-hover-fx=\"portfolio-4\"> <div  class=\"initial-image\"> <img  loading=\"lazy\" data-size=\"542x360\" src=\"https:\/\/i2.wp.com\/www.motionminds.com.ar\/wp-content\/uploads\/2021\/12\/cropped-LogoVF.jpg?w=3840\" width=\"389\" height=\"259\"><\/div> <div  class=\"overlay bg-color1\"><\/div> <div  class=\"swap-inner col-xs-12\"> <div  class=\"row full-height-row middle-xs middle-sm\"> <div  class=\"col-xs-12 text-center content-holder\"> <a href=\"https:\/\/www.vfc.com\" target=\"_self\" class=\"\" rel=\"noopener\"><i  class=\"fa icon portfolio-icon fa-search big\" aria-hidden=\"true\"><\/i><\/a><\/div> <\/div><\/div> <\/div><\/div>  <div  class=\"col-xs-12 col-sm-3 no-gutter-col\"><div  class=\"contentswap-effect\" data-hover-fx=\"portfolio-4\"> <div  class=\"initial-image\"> <img  loading=\"lazy\" data-size=\"542x360\" src=\"https:\/\/i1.wp.com\/www.motionminds.com.ar\/wp-content\/uploads\/2021\/12\/cropped-LogoSocialMinds.png?w=3840\" width=\"389\" height=\"259\"><\/div> <div  class=\"overlay bg-color1\"><\/div> <div  class=\"swap-inner col-xs-12\"> <div  class=\"row full-height-row middle-xs middle-sm\"> <div  class=\"col-xs-12 text-center content-holder\"> <a href=\"https:\/\/www.socialminds.com.ar\" target=\"_self\" class=\"\" rel=\"noopener\"><i  class=\"fa icon portfolio-icon fa-search big\" aria-hidden=\"true\"><\/i><\/a><\/div> <\/div><\/div> <\/div><\/div><div  class=\"col-xs-12 col-sm-3 no-gutter-col\"><div  class=\"contentswap-effect\" data-hover-fx=\"portfolio-4\"> <div  class=\"initial-image\"> <img  loading=\"lazy\" data-size=\"542x360\" src=\"https:\/\/i2.wp.com\/www.motionminds.com.ar\/wp-content\/uploads\/2021\/12\/cropped-LogoWalmart.png?w=3840\" width=\"389\" height=\"259\"><\/div> <div  class=\"overlay bg-color1\"><\/div> <div  class=\"swap-inner col-xs-12\"> <div  class=\"row full-height-row middle-xs middle-sm\"> <div  class=\"col-xs-12 text-center content-holder\"> <a href=\"https:\/\/www.walmart.com.mx\" target=\"_self\" rel=\"noopener\" class=\"\"><i  class=\"fa icon portfolio-icon fa-search big\" aria-hidden=\"true\"><\/i><\/a><\/div> <\/div><\/div> <\/div><\/div> <div  class=\"col-xs-12 col-sm-3 no-gutter-col\"><div  class=\"contentswap-effect\" data-hover-fx=\"portfolio-4\"> <div  class=\"initial-image\"> <img  loading=\"lazy\" data-size=\"542x360\" src=\"https:\/\/i2.wp.com\/www.motionminds.com.ar\/wp-content\/uploads\/2021\/12\/cropped-LogoScandTravel.png?w=3840\" width=\"389\" height=\"259\"><\/div> <div  class=\"overlay bg-color1\"><\/div> <div  class=\"swap-inner col-xs-12\"> <div  class=\"row full-height-row middle-xs middle-sm\"> <div  class=\"col-xs-12 text-center content-holder\"> <a href=\"https:\/\/www.scandtravel.no\" target=\"_self\" rel=\"noopener\" class=\"\"><i  class=\"fa icon portfolio-icon fa-search big\" aria-hidden=\"true\"><\/i><\/a><\/div> <\/div><\/div> <\/div><\/div> <div  class=\"col-xs-12 col-sm-3 no-gutter-col\"><div  class=\"contentswap-effect\" data-hover-fx=\"portfolio-4\"> <div  class=\"initial-image\"> <img  loading=\"lazy\" data-size=\"542x360\" src=\"https:\/\/i1.wp.com\/www.motionminds.com.ar\/wp-content\/uploads\/2021\/12\/cropped-logo_clipix_negro.png?w=3840\" width=\"389\" height=\"259\"><\/div> <div  class=\"overlay bg-color1\"><\/div> <div  class=\"swap-inner col-xs-12\"> <div  class=\"row full-height-row middle-xs middle-sm\"> <div  class=\"col-xs-12 text-center content-holder\"> <a href=\"https:\/\/clipix.com.ar\" target=\"_self\" rel=\"noopener\" class=\"\"><i  class=\"fa icon portfolio-icon fa-search big\" aria-hidden=\"true\"><\/i><\/a><\/div> <\/div><\/div> <\/div><\/div>  <div  class=\"col-xs-12 col-sm-3 no-gutter-col\"><div  class=\"contentswap-effect\" data-hover-fx=\"portfolio-4\"> <div  class=\"initial-image\"> <img  loading=\"lazy\" data-size=\"542x360\" src=\"https:\/\/i0.wp.com\/www.motionminds.com.ar\/wp-content\/uploads\/2021\/12\/cropped-LogoIndupat.png?w=3840\" width=\"389\" height=\"259\"><\/div> <div  class=\"overlay bg-color1\"><\/div> <div  class=\"swap-inner col-xs-12\"> <div  class=\"row full-height-row middle-xs middle-sm\"> <div  class=\"col-xs-12 text-center content-holder\"> <a href=\"https:\/\/www.indupat.com.ar\" target=\"_self\" rel=\"noopener\" class=\"\"><i  class=\"fa icon portfolio-icon fa-search big\" aria-hidden=\"true\"><\/i><\/a><\/div> <\/div><\/div> <\/div><\/div><div  class=\"col-xs-12 col-sm-3 no-gutter-col\"><div  class=\"contentswap-effect\" data-hover-fx=\"portfolio-4\"> <div  class=\"initial-image\"> <img  loading=\"lazy\" data-size=\"542x360\" src=\"https:\/\/i1.wp.com\/www.motionminds.com.ar\/wp-content\/uploads\/2021\/12\/cropped-LogoSACPER.png?w=3840\" width=\"389\" height=\"259\"><\/div> <div  class=\"overlay bg-color1\"><\/div> <div  class=\"swap-inner col-xs-12\"> <div  class=\"row full-height-row middle-xs middle-sm\"> <div  class=\"col-xs-12 text-center content-holder\"> <a href=\"https:\/\/www.sacper.org.ar\" target=\"_self\" rel=\"noopener\" class=\"\"><i  class=\"fa icon portfolio-icon fa-search big\" aria-hidden=\"true\"><\/i><\/a><\/div> <\/div><\/div> <\/div><\/div> <div  class=\"col-xs-12 col-sm-3 no-gutter-col\"> <div  class=\"contentswap-effect\" data-hover-fx=\"portfolio-4\"> <div  class=\"initial-image\"> <img  loading=\"lazy\" data-size=\"542x360\" src=\"https:\/\/i1.wp.com\/www.motionminds.com.ar\/wp-content\/uploads\/2024\/10\/cropped-LogoITUno.png?w=3840\" data-recalc-dims=\"1\"><\/div> <div  class=\"overlay bg-color1\"><\/div> <div  class=\"swap-inner col-xs-12\"> <div  class=\"row full-height-row middle-xs middle-sm\"> <div  class=\"col-xs-12 text-center content-holder\"> <a href=\"https:\/\/www.it-uno.com\" target=\"_self\" class=\"\" rel=\"noopener\"><i  class=\"fa icon portfolio-icon fa-search big\" aria-hidden=\"true\"><\/i><\/a><\/div> <\/div><\/div> <\/div><\/div><div  class=\"col-xs-12 col-sm-3 no-gutter-col\"> <div  class=\"contentswap-effect\" data-hover-fx=\"portfolio-4\"> <div  class=\"initial-image\"> <img  loading=\"lazy\" data-size=\"542x360\" src=\"https:\/\/i2.wp.com\/www.motionminds.com.ar\/wp-content\/uploads\/2024\/10\/cropped-LogoBioeutecticsChico.png?w=3840\" data-recalc-dims=\"1\"><\/div> <div  class=\"overlay bg-color1\"><\/div> <div  class=\"swap-inner col-xs-12\"> <div  class=\"row full-height-row middle-xs middle-sm\"> <div  class=\"col-xs-12 text-center content-holder\"> <a href=\"https:\/\/www.bioeutectics.com\" target=\"_self\" class=\"\" rel=\"noopener\"><i  class=\"fa icon portfolio-icon fa-search big\" aria-hidden=\"true\"><\/i><\/a><\/div> <\/div><\/div> <\/div><\/div><div  class=\"col-xs-12 col-sm-3 no-gutter-col\"> <div  class=\"contentswap-effect\" data-hover-fx=\"portfolio-4\"> <div  class=\"initial-image\"> <img  loading=\"lazy\" data-size=\"542x360\" src=\"https:\/\/i2.wp.com\/www.motionminds.com.ar\/wp-content\/uploads\/2024\/10\/cropped-LogoAliados.png?w=3840\" data-recalc-dims=\"1\"><\/div> <div  class=\"overlay bg-color1\"><\/div> <div  class=\"swap-inner col-xs-12\"> <div  class=\"row full-height-row middle-xs middle-sm\"> <div  class=\"col-xs-12 text-center content-holder\"> <a href=\"https:\/\/www.aliadxs.com.ar\" target=\"_self\" class=\"\" rel=\"noopener\"><i  class=\"fa icon portfolio-icon fa-search big\" aria-hidden=\"true\"><\/i><\/a><\/div> <\/div><\/div> <\/div><\/div><div  class=\"col-xs-12 col-sm-3 no-gutter-col\"> <div  class=\"contentswap-effect\" data-hover-fx=\"portfolio-4\"> <div  class=\"initial-image\"> <img  loading=\"lazy\" data-size=\"542x360\" src=\"https:\/\/i2.wp.com\/www.motionminds.com.ar\/wp-content\/uploads\/2024\/10\/cropped-LogoSCPBA.png?w=3840\" data-recalc-dims=\"1\"><\/div> <div  class=\"overlay bg-color1\"><\/div> <div  class=\"swap-inner col-xs-12\"> <div  class=\"row full-height-row middle-xs middle-sm\"> <div  class=\"col-xs-12 text-center content-holder\"> <a href=\"https:\/\/www.scpba.org.ar\" target=\"_self\" class=\"\" rel=\"noopener\"><i  class=\"fa icon portfolio-icon fa-search big\" aria-hidden=\"true\"><\/i><\/a><\/div> <\/div><\/div> <\/div><\/div><\/div><\/div> <\/div><div  id=\"contadores\" style=\"background-color: #f5fafd;\" data-label=\"Contadores\" data-id=\"counters-2\" data-export-id=\"counters-2\" data-category=\"counters\" class=\"counters-2 content-section content-section-spacing\"><div  class=\"gridContainer\"> <div  class=\"row text-center\"><div  class=\"section-title-col\" data-type=\"column\"> <h2  class=\"\">Experiencia<\/h2> <p  class=\"lead\">Apoyados en un equipo capacitado y experimentado, contamos con una amplia trayectoria en la industria.<\/p><\/div> <\/div> <div  class=\"row\" data-type=\"row\"> <div  class=\"col-xs-12 col-sm-4 text-center space-bottom\"> <i  class=\"fa icon color1 fa-smile-o\"><\/i> <h3  class=\"font-400\" data-min=\"0\" data-max=\"100\" data-duration=\"2000\" data-prefix=\"\" data-suffix=\"+\" data-countup=\"true\" style=\"display: inline-block;\"><\/h3> <h5  class=\"upper color2\">Clientes conformes<\/h5><\/div> <div  class=\"col-xs-12 col-sm-4 text-center space-bottom\"><i  class=\"fa icon color1 fa-handshake-o\"><\/i> <h3  class=\"font-400\" data-min=\"0\" data-max=\"23\" data-duration=\"2000\" data-prefix=\"\" data-suffix=\"+\" data-countup=\"true\" style=\"display: inline-block;\"><\/h3> <h5  class=\"upper color2\">a\u00f1os en el mercado<\/h5><\/div> <div  class=\"col-xs-12 col-sm-4 text-center space-bottom\"><i  class=\"fa icon color1 fa-cubes\"><\/i> <h3  class=\"font-400\" data-min=\"0\" data-max=\"18\" data-duration=\"2000\" data-prefix=\"\" data-suffix=\"+\" data-countup=\"true\" style=\"display: inline-block;\"><\/h3> <h5  class=\"upper color2\">tecnologias utilizadas<\/h5><\/div> <\/div><\/div> <\/div><div  id=\"contacto\" data-label=\"Contacto\" data-id=\"contact-1\" data-export-id=\"contact-1\" data-category=\"contact\" class=\"contact-1 content-section content-section-spacing white-text\" data-parallax-depth=\"20\"><div  class=\"gridContainer\"> <div  class=\"row text-center\"><div  class=\"section-title-col\" data-type=\"column\"> <h2  class=\"\">Estamos para ayudarle&nbsp;<\/h2> <p  class=\"lead\">Cont\u00e1ctenos y le mostraremos lo que podemos hacer para potenciar su negocio.<\/p><\/div> <\/div> <div  class=\"row text-center\"> <div  class=\"col-xs-12 col-sm-8 col-sm-offset-2 contact-form-wrapper inline-info\"> <div  class=\"card large-padding\"> <div  class=\"\" data-content-shortcode=\"mesmerize_contact_form shortcode=&quot;contact-form-7 id=&amp;amp;quot;5&amp;amp;quot; title=&amp;amp;quot;Contacto Home&amp;amp;quot;&quot;\" data-editable=\"true\"><div role=\"form\" class=\"wpcf7\" id=\"wpcf7-f5-o1\" lang=\"es-AR\" dir=\"ltr\">\n<div class=\"screen-reader-response\"><p role=\"status\" aria-live=\"polite\" aria-atomic=\"true\"><\/p> <ul><\/ul><\/div>\n<form action=\"\/index.php?rest_route=%2Fwp%2Fv2%2Fpages%2F11#wpcf7-f5-o1\" method=\"post\" class=\"wpcf7-form init\" novalidate=\"novalidate\" data-status=\"init\">\n<div style=\"display: none;\">\n<input type=\"hidden\" name=\"_wpcf7\" value=\"5\" \/>\n<input type=\"hidden\" name=\"_wpcf7_version\" value=\"5.5.3\" \/>\n<input type=\"hidden\" name=\"_wpcf7_locale\" value=\"es_AR\" \/>\n<input type=\"hidden\" name=\"_wpcf7_unit_tag\" value=\"wpcf7-f5-o1\" \/>\n<input type=\"hidden\" name=\"_wpcf7_container_post\" value=\"0\" \/>\n<input type=\"hidden\" name=\"_wpcf7_posted_data_hash\" value=\"\" \/>\n<input type=\"hidden\" name=\"_wpcf7_recaptcha_response\" value=\"\" \/>\n<\/div>\n<p><input type=\"text\" name=\"67a045d0-c7e\" value=\"fd1229db-433f-4625-b9b4-887ca7978354\" style=\"display:none\"  \/><input type=\"text\" name=\"ebddb93f-a9e0-4b54-8a9d-b25972ac8023\" value=\"\" style=\"display:none\"  \/><label> Nombre<br \/>\n    <span class=\"wpcf7-form-control-wrap your-name\"><input type=\"text\" name=\"your-name\" value=\"\" size=\"40\" class=\"wpcf7-form-control wpcf7-text wpcf7-validates-as-required\" aria-required=\"true\" aria-invalid=\"false\" \/><\/span> <\/label><\/p>\n<p><label> Correo electr\u00f3nico<br \/>\n    <span class=\"wpcf7-form-control-wrap your-email\"><input type=\"email\" name=\"your-email\" value=\"\" size=\"40\" class=\"wpcf7-form-control wpcf7-text wpcf7-email wpcf7-validates-as-required wpcf7-validates-as-email\" aria-required=\"true\" aria-invalid=\"false\" \/><\/span> <\/label><\/p>\n<p><label> Empresa (opcional)<br \/>\n    <span class=\"wpcf7-form-control-wrap your-empresa\"><input type=\"text\" name=\"your-empresa\" value=\"\" size=\"40\" class=\"wpcf7-form-control wpcf7-text\" aria-invalid=\"false\" \/><\/span> <\/label><\/p>\n<p><label> Asunto<br \/>\n    <span class=\"wpcf7-form-control-wrap your-subject\"><input type=\"text\" name=\"your-subject\" value=\"\" size=\"40\" class=\"wpcf7-form-control wpcf7-text wpcf7-validates-as-required\" aria-required=\"true\" aria-invalid=\"false\" \/><\/span> <\/label><\/p>\n<p><label> Consulta<br \/>\n    <span class=\"wpcf7-form-control-wrap your-message\"><textarea name=\"your-message\" cols=\"40\" rows=\"10\" class=\"wpcf7-form-control wpcf7-textarea wpcf7-validates-as-required\" aria-required=\"true\" aria-invalid=\"false\"><\/textarea><\/span> <\/label><\/p>\n<p><input type=\"submit\" value=\"Enviar\" class=\"wpcf7-form-control has-spinner wpcf7-submit\" \/><\/p>\n<p style=\"display: none !important;\" class=\"akismet-fields-container\" data-prefix=\"_wpcf7_ak_\"><label>&#916;<textarea name=\"_wpcf7_ak_hp_textarea\" cols=\"45\" rows=\"8\" maxlength=\"100\"><\/textarea><\/label><input type=\"hidden\" id=\"ak_js_1\" name=\"_wpcf7_ak_js\" value=\"181\"\/><script>document.getElementById( \"ak_js_1\" ).setAttribute( \"value\", ( new Date() ).getTime() );<\/script><\/p><div class=\"wpcf7-response-output\" aria-hidden=\"true\"><\/div><\/form><\/div><\/div><\/div> <\/div><\/div> <\/div><\/div><!-- Created with Elementor -->","protected":false},"excerpt":{"rendered":"<p>Brindamos sistemas transparentes&nbsp; En MotionMinds nos enfocamos en desarrollar soluciones que realmente se adapten a su negocio, tan integradas y estables, que permitan a los usuarios enfocarse en su funcionalidad y en su negocio.&nbsp; Infraestructura adecuada Seleccionamos y dise\u00f1amos la combinaci\u00f3n de infraestructura que mejor se adec\u00fae a la necesidad, tanto sea on-premise, virtualizada o&hellip; <br \/> <a class=\"read-more\" href=\"https:\/\/www.motionminds.com.ar\/\">Read more<\/a><\/p>\n","protected":false},"author":1,"featured_media":0,"parent":0,"menu_order":0,"comment_status":"closed","ping_status":"closed","template":"page-templates\/homepage.php","meta":{"spay_email":""},"_links":{"self":[{"href":"https:\/\/www.motionminds.com.ar\/index.php?rest_route=\/wp\/v2\/pages\/11"}],"collection":[{"href":"https:\/\/www.motionminds.com.ar\/index.php?rest_route=\/wp\/v2\/pages"}],"about":[{"href":"https:\/\/www.motionminds.com.ar\/index.php?rest_route=\/wp\/v2\/types\/page"}],"author":[{"embeddable":true,"href":"https:\/\/www.motionminds.com.ar\/index.php?rest_route=\/wp\/v2\/users\/1"}],"replies":[{"embeddable":true,"href":"https:\/\/www.motionminds.com.ar\/index.php?rest_route=%2Fwp%2Fv2%2Fcomments&post=11"}],"version-history":[{"count":27,"href":"https:\/\/www.motionminds.com.ar\/index.php?rest_route=\/wp\/v2\/pages\/11\/revisions"}],"predecessor-version":[{"id":259,"href":"https:\/\/www.motionminds.com.ar\/index.php?rest_route=\/wp\/v2\/pages\/11\/revisions\/259"}],"wp:attachment":[{"href":"https:\/\/www.motionminds.com.ar\/index.php?rest_route=%2Fwp%2Fv2%2Fmedia&parent=11"}],"curies":[{"name":"wp","href":"https:\/\/api.w.org\/{rel}","templated":true}]}}